= -2 + 3. Let j be g(f). Suppose 0 = 2*w - j*w + 2. What are the prime factors of w?
2
Let y = -181 + 292. What are the prime factors of y?
3, 37
Let c(r) = -9*r**3 - 5*r**2 - 3*r - 4. What are the prime factors of c(-3)?
7, 29
Let l(f) = f**2 - 7*f + 10. Let z be l(7). Let q = z - -2. List the prime factors of q.
2, 3
Suppose -q + 10 = 4*q. Let h = q + 4. Suppose 2*g + 3*y = -2*y + 6, 2*g - y - h = 0. What are the prime factors of g?
3
Let w = -3 - -12. Let o(l) = l**3 - 8*l**2 - 7*l - 6. List the prime factors of o(w).
2, 3
Suppose -4*q + 0*q - 26 = c, c = -3*q - 21. Let y(v) = 2*v - 3. Let a be y(-4). Let p = c - a. List the prime factors of p.
5
Let s(t) = -2*t - 6. Let g be s(-4). Let w = 5 - g. Suppose -4*d - w*l + 63 = 0, -4*d - l + 40 = -13. What are the prime factors of d?
2, 3
Suppose 58 + 90 = 4*j. List the prime factors of j.
37
Let q(p) = 0 + 7*p - 15 - 2 + 2*p. List the prime factors of q(8).
5, 11
Let v(d) = -d**3 + 5*d**2 + 9*d - 7. Let b(l) = -6*l + 2. Let a be b(3). Let j = -10 - a. What are the prime factors of v(j)?
11
Let i = 134 + -89. What are the prime factors of i?
3, 5
Suppose -288 = -6*b + b + p, 186 = 3*b - 5*p. Suppose 2*m = -11 + b. What are the prime factors of m?
23
Suppose -2*t + 8 = 2*t. Suppose k - 5*h + t = 14, -k = 3*h + 4. Suppose -2*n = -k*i - 38, -3*n + 51 = i - 6*i. List the prime factors of n.
2, 11
Let l(a) = 3*a - 2. Let q be l(4). Let v(i) = i**2 - 11*i + 13. Let u be v(q). Suppose 2*d = 3*t + u*d - 2, -22 = -5*t + 3*d. What are the prime factors of t?
2
Let s(t) = t. Let j be s(-4). Let i be j/10 - (-57)/5. Suppose i = 5*g - 4. What are the prime factors of g?
3
Let s(t) = -1 - t - 3*t + 3*t. Let c be s(-6). Suppose 0*f - c = -f. What are the prime factors of f?
5
Suppose 5*p - 5 - 70 = 0. Suppose 4*g - 79 = -p. What are the prime factors of g?
2
Suppose -16 = -z + 5*f + 3, -5*f - 35 = -5*z. Suppose -18 = -z*u + 3*r - 0, 12 = 2*u - 3*r. Suppose u*k - 2 = 31. What are the prime factors of k?
11
Let z(l) = l**2 + 11*l + 4. Let y be (-1)/4 - 19/4. Let f be z(y). What are the prime factors of 3/(f/(-20) - 1)?
2, 5
Suppose 0 = x - 4*x + 6. Let q be (-5 + 1 + x)/2. List the prime factors of -1*q/(-2)*-4.
2
Let y = -520 - -779. List the prime factors of y.
7, 37
Let k(r) = -2*r. Let w be k(-2). Suppose w*f - 2*f - 22 = 0. List the prime factors of f.
11
Let a be (-57)/2*(-4)/6. Suppose 3*t + a = j, -5*j = 3*t - t - 61. What are the prime factors of j?
13
Let i(n) = -n**3 - 5*n**2 + n + 1. Let v be i(-5). Suppose -2 + 0 = 2*s. Let a = s - v. List the prime factors of a.
3
Suppose x - 55 = -23. What are the prime factors of x?
2
Suppose 270 = 9*q - 4*q. What are the prime factors of q?
2, 3
Let m(c) = 6*c**2. Let u(b) = -b**2. Let y(t) = m(t) + 4*u(t). List the prime factors of y(-1).
2
Suppose -184 = -2*f + 3*n, -f - 3*n + 92 = n. List the prime factors of f/6*3/2.
23
Let o(b) = -b**2 - 6*b**2 - 9*b + 6*b**2 - 9. What are the prime factors of o(-6)?
3
Suppose 3*o - 8*o = 0. Suppose o = -2*f - 2*f + 4*d - 12, -3*d = -2*f - 11. What are the prime factors of f?
2
Let y = -470 + 674. What are the prime factors of y?
2, 3, 17
Suppose -j = 2*l, -5*j - 4*l - 8 = -4*j. Let k = j - -3. What are the prime factors of k?
11
Let n(j) be the second derivative of j**4/12 + j**3/6 - 2*j**2 + 2*j. Let b(y) = -y**2 + 8*y + 6. Let l be b(9). List the prime factors of n(l).
2
Suppose i + 5*u = -14, 3*u = 4*i - 5*i - 4. Suppose 3*a + 2 = i. Suppose a*y - 37 = -7. What are the prime factors of y?
2, 5
Suppose -5*c + 2*k = -883, -c - 5*k + 180 - 25 = 0. Suppose -3*l = 4*f + 2*l - 145, -4*f = -5*l - c. Suppose q - f = -q. What are the prime factors of q?
2, 5
Suppose -3*v + 82 + 26 = 0. Suppose -g - g = 2*h - v, -4*h - 2*g = -62. Let b = h + 1. List the prime factors of b.
2, 7
Suppose -d + 2 = 6, 0 = -2*f + 5*d + 28. Let g(h) = 2*h + 3 + 2*h**2 - 5*h - 3*h. List the prime factors of g(f).
11
List the prime factors of 35/(-10)*872/(-14).
2, 109
Suppose 4*i + 14 = i + 5*m, 0 = 5*i - 4*m + 6. Suppose -8 = -3*z - i. Let c = 9 + z. List the prime factors of c.
11
Suppose 0 = -4*y - 0*y + 24. Let r(n) = n + 8. What are the prime factors of r(y)?
2, 7
Let y = 100 - 53. Let t(g) = -2*g - 16. Let w be t(-11). Suppose -w*u + 2*u = -4*f - 44, -4*u + 3*f = -y. What are the prime factors of u?
2, 7
Let v(z) = z**3 + 5*z**2 - 6*z + 4. Let k be v(-6). Suppose 2*c - 4*c + a = -49, 38 = c + k*a. What are the prime factors of c?
2, 13
Suppose -3*o - 9 = -3*x, 0 = 4*x - 3*o + o - 18. Suppose x*b - 220 = b. List the prime factors of b.
2, 11
Suppose -3*d = -4*b + 13, 3*d - 18 = -4*b + 1. Suppose -w + b = 2. What are the prime factors of w?
2
Let v = 3 + -7. Let z be ((-7)/v)/(1/4). Let i = z - 5. What are the prime factors of i?
2
Let a(d) = -d + 9. Let k be a(7). Suppose -2*r - 5 = -c, 0*c - 4*c = -k*r - 20. Suppose -c*g + 15 = -5. What are the prime factors of g?
2
Let w = 2 - 9. Suppose 6*j + 6 = 3*j. List the prime factors of j/w + (-38)/(-14).
3
Suppose -9*l + 81 = -6*l. What are the prime factors of l?
3
Suppose 6*i - 195 = i. List the prime factors of i.
3, 13
Let m be (3 + 0 - 3)*-1. Let a be -4*(m - 3 - -1). What are the prime factors of 6/4 + 116/a?
2
List the prime factors of (-1)/(-3)*-2*-21.
2, 7
Suppose 2*c + 0 = 6. Suppose -8*p = -c*p - 5*x - 275, 2*p - 3*x - 114 = 0. Suppose 0 = 6*d - 3*d - p. List the prime factors of d.
17
Let o(l) = -l**2 + 8*l + 2. Let p be o(7). Suppose -2*r + 3*b + p = 0, 4*b = -2*r - 0*b + 44. List the prime factors of r.
2, 3
Suppose 0 = 2*c - 8. Suppose -5*a + 5 = 0, -6*a = 3*w - 2*a - 10. Suppose 4*m = 8, c*b - 57 = w*m - 13. What are the prime factors of b?
2, 3
Suppose 4*l + 4 = -3*y + 3, -5*y + 2*l = 45. Let w = y - -10. List the prime factors of w.
3
Suppose l - 3*o - 14 = 0, -3*o = -2*o + 3. Let p be 0 - (l*6)/(-2). What are the prime factors of 144/p - (-2)/5?
2, 5
Let w(l) = -2*l**3 - 7*l**2 - 2*l + 2. List the prime factors of w(-5).
3, 29
Let n(b) = -3 - 4*b + 2*b + 3*b**2 - b**2 + 4. Let d be n(1). Suppose -2*s - v + 27 = 0, v = -0*v - d. What are the prime factors of s?
2, 7
Suppose -318 = -0*p - 2*p. What are the prime factors of p?
3, 53
Suppose d - 79 = 2*w, 2*w = -4 - 0. What are the prime factors of d?
3, 5
Suppose 2*i - 48 = -2*i. Let s(l) = l**2 - 11*l + 4. Let n be s(11). Suppose 3*b = 2*p - i, 2*p = n*p - 2*b - 12. What are the prime factors of p?
2, 3
What are the prime factors of 1*(-8)/6*-15?
2, 5
Let v = -29 + 57. What are the prime factors of (0 + 3)*v/6?
2, 7
Suppose -z - 2*m = -3*m - 146, 0 = 2*z - 4*m - 286. List the prime factors of z.
149
List the prime factors of (-69)/2*4/(-3).
2, 23
Suppose 102 = 2*g - r, 2*g - 78 = -5*r - 0. List the prime factors of g.
7
Suppose -109 = -3*b - 34. What are the prime factors of b?
5
Let z(a) = a + 1. Let t be z(-5). Let x be (t/(-2))/((-2)/(-5)). Suppose 0*c - x*c + 20 = 0. What are the prime factors of c?
2
Let x = -23 + 56. List the prime factors of x.
3, 11
Let j be (-3)/4*(-1 + -3). Suppose 2*c = 4*k - 12, 3*c + 2*k - 6 = -0*c. Let x = j + c. What are the prime factors of x?
3
Suppose -s - 4*h - 12 = -2*s, -2*s = 4*h. Suppose 4*n - 56 = l - 5*l, l - s*n + 6 = 0. List the prime factors of l.
2, 5
What are the prime factors of 1*(-2 - (-19 + 0))?
17
Let y be (1 - (-78)/(-15))*-5. Suppose 3*f - y = -0*f. Let o = -2 + f. List the prime factors of o.
5
Let t(m) be the third derivative of 0 - 1/2*m**4 + 0*m + 3/2*m**3 + 3*m**2 - 1/60*m**5. List the prime factors of t(-12).
3
Let w = -74 + 104. What are the prime factors of w*-3*(-4)/24?
3, 5
Let w(r) = r**2 - 2*r + 2. Let l be w(4). Let y = l - 7. Suppose 0 = y*c + 2*v + v - 6, 3*c - 22 = 5*v. What are the prime factors of c?
2
Let l = -41 + -25. What are the prime factors of 3/(3*(-3)/l)?
2, 11
Let x = -16 - -50. Suppose w - x = -w. List the prime factors of w.
17
Suppose -18 = u - 3*u. Let p = 15 - u. Suppose -3*o = -15 - p. List the prime factors of o.
7
Let r(d) = -3*d**2 + 3*d + 3. Let c be r(-3). What are the prime factors of -2*2*c/6?
2, 11
Let p be 0 + 2 - (16 + -1). List the prime factors of (-2)/(-4)*-4 - p.
11
Let j(q) = -q**2 + 6*q - 1. Let w be j(6). List the prime factors of (-19)/2*(w + -1).
19
Suppose -3*x = x - 12. Suppose p - 21 = -5*j, -1 - 2 = -2*p + x*j. List the pri